3. Calculate the remainder when 94 is divided by u.
3
Suppose 780 = 31*r + 191. What is the remainder when 60 is divided by r?
3
Suppose 207 - 32 = 7*i. What is the remainder when 121 is divided by i?
21
Suppose 2*p - k = 3*p - 44, -3*k = -p + 44. What is the remainder when p is divided by 15?
14
Suppose -279 = -3*b - i - 2*i, -3*b + 271 = -5*i. Suppose 3*f + f - b = 0. Calculate the remainder when 67 is divided by f.
21
Let c = -34 - -53. Suppose c = d + g, 3*d + d = -g + 70. Calculate the remainder when 65 is divided by d.
14
What is the remainder when 92*(-5 - -6) + 0 is divided by 31?
30
Calculate the remainder when -1 + 0 + (-114)/(-2) is divided by 21.
14
Suppose k + 51 = 4*k. Suppose s + 138 = 4*w, -4*w + 163 = -2*s + 23. Let t = -29 + w. Calculate the remainder when k is divided by t.
2
Let n(c) = 2*c**2 + 7*c - 4. Let w(g) = -g**2 - 8*g + 4. Let p(v) = 2*n(v) + 3*w(v). Calculate the remainder when p(12) is divided by 10.
8
Suppose 0 = 2*l - 5*t - 91, -2*l + 87*t = 88*t - 97. Calculate the remainder when 161 is divided by l.
17
What is the remainder when 117 is divided by 4/((-4)/3) + (34 - 7)?
21
Let v(w) = -w + 16. Calculate the remainder when 54 is divided by v(-5).
12
Suppose -39*w + 34*w + 300 = 0. Calculate the remainder when 419 is divided by w.
59
Suppose 3*c = 7*r - 2*r - 45, -2*r + 18 = -3*c. Let h(i) = 7*i**2 + 3*i + 1. Calculate the remainder when h(-2) is divided by r.
5
Let f = -9 + 25. Let g be (-3)/(-12) + 1228/f. Suppose 2*d - d - 4*h = g, h = d - 62. What is the remainder when d is divided by 15?
12
Suppose 0 = -9*t + 112 - 76. Calculate the remainder when 95 is divided by t.
3
Let u(x) = x**3 + 9*x**2 + 12*x + 102. What is the remainder when 297 is divided by u(-6)?
21
Suppose q + 523 = 2*u - 7*u, 3*u - q + 317 = 0. Let g = -58 - u. Calculate the remainder when g is divided by 4/(-14) - 172/(-14).
11
Let z = -40 - -55. What is the remainder when (145/z)/(3/9) is divided by 8?
5
Suppose 3*f - 8*f = s, 3*f = s. What is the remainder when 5*(2 + s - -3) + 3 is divided by 17?
11
Suppose -97 - 38 = 5*s. Let m = -6 - s. What is the remainder when (8/2)/1 + (-210)/(-6) is divided by m?
18
Suppose 129 = s - 4*z, 3*z - 193 = -2*s - 2*z. What is the remainder when s is divided by 24?
13
Let c(u) = -15*u + 10. Let n(m) = 44*m - 30. Let b(i) = 17*c(i) + 6*n(i). Calculate the remainder when b(4) is divided by 4.
2
Suppose -45 = 29*j - 34*j. Calculate the remainder when 17 is divided by j.
8
Suppose -91*a + 351 = -82*a. What is the remainder when a is divided by 24?
15
Suppose 0 = 5*t - 2*b + 191, -5*b - 89 = 4*t + 44. Let r = t + 48. Calculate the remainder when 30 is divided by r.
8
Let g be 1 + -5 - (7 - 15). Suppose -g*n + 8 = 0, n + 62 = 4*s - 2*n. Calculate the remainder when s is divided by 9.
8
Suppose -20*q = -4*b - 15*q + 65, -b - 3*q + 29 = 0. What is the remainder when 102 is divided by b?
2
Let r = -2 + 11. Calculate the remainder when ((-8722)/(-77))/7 - (-2)/(-11) is divided by r.
7
Suppose 126*n - 115*n = -33. Let x be 25*(-1 + (-7)/(-5)). Let v = n + x. What is the remainder when 27 is divided by v?
6
Suppose d = 3*d - 32. Let k = -47 - -43. What is the remainder when k/(-26) - 3268/(-52) is divided by d?
15
Let m(z) = -z**3 - z**2 + 2*z + 3. Let w be (-17)/(-68) - 2/8. What is the remainder when (4/6)/((-6)/(-27)) is divided by m(w)?
0
Let w = -13 + 19. Suppose 4*y - 175 = -y. Suppose w*i - y = i. Calculate the remainder when 18 is divided by i.
4
Suppose 0 = -2*h + 5*x + 299, 0 = 2*h + 2*x - 124 - 168. Suppose -6 = -3*p + 3*z + h, 5*z = 3*p - 151. Calculate the remainder when p is divided by 22.
8
Let x(r) = 2*r - 22. Calculate the remainder when 103 is divided by x(15).
7
Let l = -20 - -22. Calculate the remainder when (-246)/((-12)/4) + l is divided by 17.
16
Let i(v) = 12*v + 3. Let c be 274/6 + 2/(-3). Suppose 0 = -7*x + 3*x + f + c, 25 = -5*f. Calculate the remainder when i(3) is divided by x.
9
Let m(p) = -p + 5. Let l = 27 - 24. Suppose -2*f + 6 = -2*g + 2, -l*g + 5*f = 10. What is the remainder when 12 is divided by m(g)?
2
Let g be (-2)/(-9) + (-150)/(-54). Calculate the remainder when (-323)/(-5) + g/(-5) is divided by 90/5 + -3 + 2.
13
Calculate the remainder when 118 is divided by 1/3*-3*-1*17.
16
Let s be ((-4 - -4) + 17)*1. Let r = 16 - s. Calculate the remainder when r*(3 + (-18)/2) is divided by 3.
0
Let b(y) = -3*y + 80. Let g be (50/15)/((-2)/(-24)). Suppose -5*x + g = -3*x. What is the remainder when x is divided by b(24)?
4
Suppose 108*i - 54 = 105*i. Let h = 21 + i. What is the remainder when 115 is divided by h?
37
Suppose 10486 = 56*k - 7*k. What is the remainder when k is divided by 66?
16
Let q(t) = 2*t**2 + 197*t - 204*t - 3 - 3. Calculate the remainder when q(7) is divided by 17.
9
Suppose 14*o + 168 = 11*o. Let y = 71 + o. What is the remainder when y is divided by 8?
7
Calculate the remainder when 747 is divided by 1/3*102/2.
16
Let u = -1 + 5. Suppose -u*f = -2*f - 82. Let p = f - 17. Calculate the remainder when 95 is divided by p.
23
Suppose w = -0*w + 26. What is the remainder when 9 + (2 - 11 - -127) is divided by w?
23
Suppose 3*c - c + 150 = 5*n, 0 = -4*n - 4*c + 92. Calculate the remainder when 137 is divided by n.
25
Let r = 65 - 55. Calculate the remainder when 67 is divided by 2 + 438/30 + 4/r.
16
Let a(v) = 3*v - 13. Let q(r) = -7*r + 27. Let n(h) = -11*a(h) - 6*q(h). Calculate the remainder when n(8) is divided by 14.
11
Let b(g) = -381*g + 5 + 192*g + 41 + 190*g. What is the remainder when b(-12) is divided by 13?
8
Let y(w) = -2*w**3 + 0*w**2 - 2*w**2 + 2 - 3*w + 4*w**3. Suppose 115*c - 121*c + 18 = 0. What is the remainder when 114 is divided by y(c)?
27
Let l(j) = 75*j - 1421. What is the remainder when l(19) is divided by (-2)/3 - (-5)/3?
0
Suppose 0 = -3*w - 18*w + 1386. Calculate the remainder when 131 is divided by w.
65
Let u(p) = 18*p - 31. Calculate the remainder when u(9) is divided by (-915)/(-60) + (-1)/4.
11
Let c(w) = w**2 - 2. Let h(g) = -g**2 + 58*g - 52. Calculate the remainder when c(-4) is divided by h(57).
4
Let y = 130 + -267. Let s = -123 - y. What is the remainder when s is divided by 6?
2
Let h = 396 - 361. What is the remainder when 157 is divided by h?
17
Suppose 3*k + 5*f - 154 = -12, 2*k = -5*f + 103. Let w be 1/2 + 1/(-2). Suppose w = -3*g + 7 + 35. Calculate the remainder when k is divided by g.
11
Let y(j) = 47*j**2 + 2*j - 7. Calculate the remainder when y(3) is divided by 47.
46
Suppose 0 = 3*l - 5*t - 170, 36*t = l + 35*t - 54. Calculate the remainder when l is divided by 5.
0
Suppose -7*n = -6*n - 110. Let k = n + -107. What is the remainder when 18 is divided by k?
0
Let t(x) = -8*x + 32. Let d be t(3). Suppose d*b - 83 = 117. Calculate the remainder when b is divided by (-27)/(-2) + 2/4.
11
Let t(r) = 88*r**2 + 5*r - 5. Calculate the remainder when t(1) is divided by 47.
41
What is the remainder when 10/(-15) + (-329)/(-3) is divided by 8?
5
Let n(j) = -3*j**3 - 15*j**2 + 18*j + 21. What is the remainder when 1635 is divided by n(-6)?
18
Let x(g) = g**3 + 8*g**2 + 7*g + 9. Let y be x(-7). Suppose -4*z - 6 = -2*i, 3*i - 1 - 30 = -5*z. What is the remainder when (y/2)/(1/6) is divided by i?
6
Let r(i) = -i**3 + 2*i**2 - i + 4. Let a be 6/(-2) + 3/(-3). Let w be r(a). Let s = w + -60. What is the remainder when s is divided by 23?
21
Calculate the remainder when 15/3 + 71 + 7 is divided by 77.
6
Let x = 1038 + -971. What is the remainder when 1604 is divided by x?
63
Let o = -63 + 99. What is the remainder when (-2)/(-20) + 60236/440 is divided by o?
29
Suppose -2*s + 25 = 5*i, 39 + 11 = 3*s + 5*i. Calculate the remainder when 423 is divided by s.
23
Let r(q) = 9*q**3 - 30*q**2 + 11*q - 7. Calculate the remainder when r(4) is divided by 28.
21
Suppose -2*s + 5*s = 0. Suppose -14*k + 10*k = s. Calculate the remainder when 63 is divided by 2/(-2) - (-23 - k).
19
Suppose 2*g + 7*v = 3*v + 14, 3*g = 4*v + 31. What is the remainder when g/(-27) - 184/(-3) is divided by 17?
10
Suppose -107*w + 95*w + 84 = 0. What is the remainder when 66 is divided by w?
3
Let h be (0 + -3 - 0) + 3. Suppose h*c + 31 = -c. Let g = c + 41. What is the remainder when 49 is divided by g?
9
Let b(r) = -4*r**3 + r**2 + 2*r - 5. Let k be b(-3). Suppose -4*m + 